1).
2
Let h(y) = -y - 2 - y**2 + 0*y**2 + 14 + 2. What is h(0)?
14
Let r(c) = -2*c - 7. Suppose -6*g = -3*g + 27. Give r(g).
11
Let q be (-2)/(-7) - (-33)/7. Let z(b) = b**2 - 3*b - 1. What is z(q)?
9
Let s(c) = c**2 + c. Let w(q) = -q**3 - 6*q**2 - 7*q + 10. Let o(b) = 6*s(b) + w(b). Suppose 2*n = -n. Give o(n).
10
Let w(s) = -s**3 + s**2 - 1. Let o(t) = -t**3 - 4*t**2 + t + 4. Suppose 0*c = 5*c - 15. Let d be (-3)/(3 - 0) - c. Let k be o(d). Give w(k).
-1
Let h(c) be the first derivative of -c**2 + 4*c - 4. Let w = 11 + -7. Calculate h(w).
-4
Let u(x) = 14*x**2 - 6*x - 5. Suppose v + v + 4*p = 32, -34 = -4*v - 2*p. Let h(i) = -i**2 + i + 1. Let d(t) = v*h(t) + u(t). What is d(1)?
9
Let q(r) = r**2 + 9*r - 6. Let l(s) = s + 12. Let p be l(0). Suppose o = 2*x - x + p, 52 = -5*x + o. Let u be q(x). Let i(k) = -k**2 + 3*k + 2. What is i(u)?
-2
Let s(q) = 5*q**3 - 2 - 3*q**3 - 7*q**2 - q + 10*q**2. What is s(-2)?
-4
Let f(n) = -1 - 3 + 3 - 4*n. Determine f(2).
-9
Let t(y) = -6*y + 7*y + 3*y**2 + 1 + 0*y**3 + y**3. Let j = -4 + 1. Give t(j).
-2
Let a(c) = c**2 + c + 3. Let z be a(0). Let x(q) = 0*q**z + 0*q**3 + 0*q**3 - 2*q**3. Determine x(-1).
2
Let a(j) be the third derivative of j**5/60 - j**4/6 + j**3/3 - 12*j**2. Determine a(5).
7
Let r(p) = 16*p - 4*p - 7*p. Determine r(1).
5
Let y(i) = i - 2 + 10 + 2*i - 4*i. Calculate y(5).
3
Let n(m) = m**2 - 1. Let x(l) = -6*l**2 + 8*l + 1. Let a(q) = 5*n(q) + x(q). Calculate a(8).
-4
Suppose 0 = -j, 0*j - 4*j - 3 = -v. Let t(i) = i**2 - i - 1. Calculate t(v).
5
Let g be 2/(-3) + (2 - 28/12). Let l(o) = -3*o**3 + o**2. Calculate l(g).
4
Let f(i) = 3*i**3 - 3*i**2 - 5*i**3 + 2 + 2*i**3 - i**3. Suppose 2*v = -5*w + 19, 3*w - 20 = -w. Determine f(v).
2
Let t(y) be the third derivative of -y**6/120 + y**5/10 - 5*y**4/24 - y**3/3 + y**2. Let s = -14 - -18. Give t(s).
10
Let f(m) = -m**2 + 2*m + 3. Suppose 4*g - 2*b = -b + 5, -4 = -5*g - b. Let a be 2 + (4 - g - 1). What is f(a)?
-5
Suppose 0 = -b - 2 - 1. Let r(x) = -x**2 - 3*x - 4. Let p(n) = n**2 + 2 + 0 + 2 + 3*n. Let u(k) = -6*p(k) - 5*r(k). Calculate u(b).
-4
Suppose -l + 6 - 3 = 0. Let s(q) = q + 0*q**l - 2 - 3*q**2 - 2*q + q**3. Determine s(3).
-5
Let p(v) = -25*v - 4. Let y(g) = 201*g + 33. Let s(r) = 33*p(r) + 4*y(r). What is s(-1)?
21
Let y(s) be the third derivative of s**6/120 + 2*s**5/15 + 5*s**4/24 - 5*s**3/6 - s**2. Let q be (56/16)/((-6)/12). Determine y(q).
9
Let a(z) = 2*z - 12. Let p be (5 - -4)*2*2/4. Determine a(p).
6
Let l(u) = 7*u**3 + 2*u**2 - 2*u + 1. Suppose 2 = 3*y - y. Give l(y).
8
Let l(c) = -c**2 + c + 12. Let v be l(0). Let o = 5 - v. Let t(z) = -11*z + 5. Let k(g) = 5*g - 2. Let f(i) = o*k(i) - 3*t(i). Determine f(1).
-3
Suppose 5*u = -9 - 1. Let n = 1 + 1. Let b(w) = 2 - w + 3*w**2 - 4*w**n - 1. What is b(u)?
-1
Let w be 4 + -3 + 0 + 2. Let u(p) be the third derivative of -p**5/60 + p**4/24 - 13*p**2. Determine u(w).
-6
Let y = -21 - -15. Let l(a) = a**2 + 3*a - 1. Give l(y).
17
Let p = 42 - 46. Let a(f) = f**2 + f. Give a(p).
12
Let m be (-2)/(-9) + 14/18. Let f(q) be the first derivative of 3/2*q**2 - m + 7*q. Calculate f(-5).
-8
Suppose 0 = -q - 5*q + 18. Let j(h) = -3*h + 4. What is j(q)?
-5
Let r(f) be the first derivative of f**2 + 0*f**3 - f - 2 + 1/4*f**4. What is r(1)?
2
Let i(h) = -h**3 - 4*h**2 + 6*h - 2. Let y(s) = 3*s + 18. Let v(u) = -u. Let p(a) = -4*v(a) - y(a). Let w be p(13). Determine i(w).
-7
Suppose 35 = -4*x + 95. Suppose -5*g - x = 5*p, 0*g + 9 = -2*p - g. Let v(j) = 3*j + 8. What is v(p)?
-10
Let u(g) = -g**2 - 7*g - 5. Let k be u(-6). Let y = 3 - k. Let o(w) = -1 - w + y*w + 2*w - 2*w. What is o(-5)?
-6
Let y(p) = p**3 - 8*p**2 + 2*p - 12. Let v be y(8). Let g(f) = 4*f + 2. Determine g(v).
18
Let j(a) = -a**3 + 3*a**2 + 8*a - 4. Suppose -7*u = -3*u - 20. Give j(u).
-14
Let w(g) = -1 + 4 - 2*g - 1. Let h be 18/4 - 1/2. Suppose r = h*n + 5 + 6, 0 = -2*r + 5*n + 16. Calculate w(r).
-4
Suppose 1 + 16 = h - 5*p, -h - 2*p - 4 = 0. Let j(t) = -t**3 + t**2 - 1. Let v be j(-1). Let s(n) = -3*n + v - h*n + 4*n + 6*n. What is s(-1)?
-4
Let l be 1 + 0 - (-7 + 5). Suppose -l*k = -0*k. Let o(u) be the third derivative of -u**4/24 - 4*u**2. Determine o(k).
0
Let z(a) = -1 - a - 5*a + 4*a. Suppose 1 = 3*t - 2*j + 5, 0 = 4*t + j + 9. What is z(t)?
3
Let r(p) = 5*p**2 - p - 7. Let t(h) = 2*h**2 + 2*h**2 - 5*h**2 + 1. Suppose -5*b + 5 = 2*v, -v + 0 = 3*b - 3. Let k(x) = b*r(x) + 6*t(x). Determine k(-2).
-3
Let g(p) = -p**2 + 4*p - 2. Suppose 4*a = 13 - 33, a = 5*m - 20. What is g(m)?
1
Let j(z) = 2*z + 2. Let i be (2*1/4)/(9/54). What is j(i)?
8
Let h be (-2 - -1*6) + 1. Let z(o) = -o - 3. What is z(h)?
-8
Suppose k - 14 = 3*k. Let o = 5 + k. Let v be 14/(-18) - o/(-9). Let x(q) = -4*q. Give x(v).
4
Suppose -4*y - 1 = y + t, -2 = 5*y + 2*t. Let v(f) = -f - 1 + f**2 + 0 - 1 - 4 + f**3. What is v(y)?
-6
Let z(d) = -d**2. Let a(g) = -g**3 + 6*g**2 - 3*g + 1. Let l(r) = a(r) + z(r). Determine l(4).
5
Suppose -6 = -p + 2*b, 6 = -3*p + 2*b - 4*b. Let w(k) = p + 7*k - 1 - 1 - k**2 - 2. What is w(7)?
-4
Let a(i) = -i**2 - 4*i + 3. Suppose 2*s - 4*s = -8. Suppose -u + q + 24 = 0, 3*q + 10 = 2*u - 38. Suppose s*z = 3*y + u, -6*z + z = -3*y - 27. Determine a(y).
3
Let y(m) be the second derivative of 0 + 4*m + 1/2*m**2 - m**3. What is y(1)?
-5
Let n(t) be the second derivative of -t**5/120 + 11*t**4/24 + t**3/2 - 4*t. Let y(m) be the second derivative of n(m). Give y(5).
6
Let x(c) be the second derivative of -c**4/12 + 7*c**3/6 - 5*c**2/2 + 6*c - 8. Give x(6).
1
Let j(l) be the third derivative of l**4/12 + l**3/2 + 34*l**2. Calculate j(6).
15
Suppose 2*r - 5 = -p + 4*r, 5*p + 30 = -r. Let n(g) be the third derivative of 0 + 0*g**4 + 0*g + 1/120*g**6 + 1/12*g**5 - 7/6*g**3 + 2*g**2. Determine n(p).
-7
Let l be 4*(2 - 22/8). Suppose 3*h - 4 = h. Let k(p) = 5*p**2 - 4 - 4*p**2 - h*p**2 - 5*p. What is k(l)?
2
Let k(l) = -l**3 + 6*l**2 + 2*l - 20. Let z be k(6). Let v(f) = 3*f + 3. Calculate v(z).
-21
Let y(s) = 3*s + 10. Let p(b) = -2*b - 13. Let k(o) = -2*o - 14. Let w(m) = 4*k(m) - 5*p(m). Let j(d) = -4*w(d) + 3*y(d). Give j(6).
0
Let f(r) = -r - 5 - 4 + 2 + 0*r. Calculate f(-6).
-1
Suppose 0 = 2*a + 3*a. Suppose 0 = -3*q - 2*b - 2 - a, 2*q - 5*b + 33 = 0. Let x(r) = r. What is x(q)?
-4
Let m(l) = l**3 - 3*l**2 - 4*l - 2. Let k(u) = u + 4. Let w be k(-10). Let s be -3*(26/w - -3). What is m(s)?
-2
Let r(z) be the first derivative of -z**3 - 1/12*z**4 - 4*z + 4 - 3/2*z**2. Let s(j) be the first derivative of r(j). Determine s(-2).
5
Let x(l) = -4*l + 2. Let d be (2/(-4))/(1/2). Let m = -1 + d. What is x(m)?
10
Let p(r) be the first derivative of 2*r**2 + 2 + 9 - 13 + 6*r + 3. Give p(-5).
-14
Let v be ((-1)/(-2))/(3/12). Suppose t = -v*t. Let f(c) = 6*c - 2. Let a(p) = -p - 1. Let b(l) = 5*a(l) + f(l). What is b(t)?
-7
Let b(y) be the second derivative of -5/12*y**4 + 0 + y**2 - 5/6*y**3 + 1/20*y**5 - 9*y. Calculate b(6).
8
Let m(j) = -8*j + 2. Let u(z) = 15*z - 3. Let l(b) = -5*m(b) - 3*u(b). Let a = -1 + 2. Let o = 2 - a. Give l(o).
-6
Suppose 0 = -2*y + 9 + 9. Suppose 4*q - 3 = y. Let l(a) = -3 + a + 1 + q. Calculate l(2).
3
Let a(m) be the second derivative of m**4/12 - m**3/3 + m**2/2 - m. Determine a(4).
9
Suppose b + 0 = -3. Suppose 0*j = j - 4. Let g(i) = 12*i - 3 - j*i - 7*i. Determine g(b).
-6
Suppose 0 = -3*q - 9, -2*y + q + 5 + 10 = 0. Let t(l) = y*l + 4 + 0*l**2 + l**2 - l - l. Give t(-4).
4
Let d(m) = -9*m**2 - 27*m - 3. Let c(w) = -13*w**2 - 40*w - 5. Let n(f) = -5*c(f) + 7*d(f). What is n(-7)?
25
Let k(r) be the first derivative of r**5/60 + r**4/4 + r**3/6 + r**2 + 1. Let w(c) be the second derivative of k(c). What is w(-5)?
-4
Let n(g) = -g. Let a(w) = w**2. Let h(p) = -a(p) - n(p). Calculate h(2).
-2
Let i be 2/11 + 136/(-22). Let z(h) = h**3 + 5*h**2 - 6*h + 3. Calculate z(i).
3
Suppose -3*n - 2 = 4*y, 0*n - 4*y - 4 = 4*n. Let o(x) be the second derivative of x**5/10 + x**4/4 + x. Give o(n).
-4
Suppose h + 4 = 8. Let g(x) = h + 0*x**2 + 2*x - x**3 - 4*x**2 + x**2 - x**2. What is g(-4)?
-4
Let o = 11 + -9. Let f(k) = 3*k + 5 + k - k - k**2 - o. Let v be 0 + 6/(0 + 2). Give f(v).
3
Let v(g) = 1. Let o(l) = l - 4. Let b(y) = o(y) - 5*v(y). Suppose -2*x = -3*x. Suppose 5*t - t = x. Determine b(t).
-9
Let g = 16 